4/12. Suppose -2*d + 7*d = u. List the prime factors of d.
3, 13
Suppose 15*b + 1080 = 18*b. List the prime factors of b.
2, 3, 5
Let s(c) = -9*c + 1. What are the prime factors of s(-2)?
19
Suppose 3*w - 2*w = 54. What are the prime factors of w?
2, 3
List the prime factors of (-1 + 2)/(2/80).
2, 5
Let n(q) = 2*q**2 - 4*q + 7. What are the prime factors of n(15)?
397
What are the prime factors of (5/((-10)/62))/(-1)?
31
Suppose -4*t + t = 126. What are the prime factors of (t/(-5))/((-8)/(-20))?
3, 7
Let j be (-1)/4 - 26/(-8). Suppose 2*a = -j*h + 36, -h + 24 = 5*a - 66. What are the prime factors of a?
2, 3
Let k(t) = 4*t - 8. Suppose 0 = -a + 3, -4*v + 0*a + 15 = -3*a. What are the prime factors of k(v)?
2
Let h = 3 + -3. Let d = h + 8. What are the prime factors of d?
2
Let n(c) = c**3 - 17*c**2 + 2*c - 18. List the prime factors of n(17).
2
Suppose -c + k = -2*c + 5, 5*c - 3*k = 1. Let a(o) = o**2 - 6*o + 4. Let l be a(4). Let i = c - l. List the prime factors of i.
2, 3
Let m(t) = -3*t**3 - 5*t**2 - 6*t - 1. What are the prime factors of m(-4)?
3, 5
Let q be ((-2)/3)/((-8)/60). Suppose 5*k - 37 = -2*i, 0 = -2*i + q*i - 4*k - 67. List the prime factors of i.
3, 7
Suppose 0 = 3*l - 22 - 80. What are the prime factors of l?
2, 17
Suppose 0 = -d - d - 6. Let i be d/((3/15)/(-1)). What are the prime factors of (-23 - 1)*(-10)/i?
2
Let p(o) = -o + 6. Suppose 2*l - 9 = -l. Suppose -13 = 2*d - r, 0*d + l*d = 2*r - 20. What are the prime factors of p(d)?
2, 3
Suppose n - 3*n + 278 = 4*f, 340 = 5*f + n. List the prime factors of f.
67
Let j(o) = -o - 2. Let g be j(-3). Let a = 5 - g. Suppose a*i - 9 = -1. What are the prime factors of i?
2
Suppose -9 = -3*v - 3. Let u = v + 1. Suppose -u*d - 20 = -5*d. What are the prime factors of d?
2, 5
Let o = -18 + 25. Let v = o - 2. What are the prime factors of v?
5
Suppose 0 = 5*d + 29 + 1. Let h(i) = -4*i - 12. List the prime factors of h(d).
2, 3
Let p(y) = 22*y**3 - y**2 + y - 1. Let c be p(1). List the prime factors of (c/9)/((-1)/(-6)).
2, 7
Let n be 6/(3 - 36/8). Let q = 10 + -3. Let w = q + n. What are the prime factors of w?
3
Let m(r) be the second derivative of r**4/12 + 3*r**3/2 - 5*r**2/2 - r. Let g = -5 + -5. What are the prime factors of m(g)?
5
Suppose -3*f + 2*f + 2 = 0. Let n = f + -2. What are the prime factors of 3 + -2 - (n + -2)?
3
Suppose -4*h - 12 = 24. Let j(y) = -y**2 - 10*y + 3. List the prime factors of j(h).
2, 3
Suppose 0 = 3*k - 24 - 6. List the prime factors of k.
2, 5
Let i(k) = k**3 - 6*k**2 + k - 4. Let l be i(6). Suppose -188 = -5*s - l*j - 48, 0 = 5*s + 5*j - 140. Let x = s - 20. List the prime factors of x.
2
Suppose 4*f = -5 + 21. What are the prime factors of f?
2
Let v(l) = l**2 - 3. Let t be v(-3). What are the prime factors of t/(5/(60/9))?
2
Let z be -3 + 9 - (-1 - -1). Suppose 4*a + 68 = z*a + 4*b, 0 = -2*a + 4*b + 44. What are the prime factors of a?
2, 7
Suppose 7*h = 4*h + 12. Suppose -3*z + 206 = 2*s + 68, h*z = -2*s + 182. List the prime factors of z/4 + 0/1.
11
Let i(r) = r**3 - 5*r**2 + r - 5. Let n be i(5). Let x(k) be the third derivative of k**4/24 + 2*k**3/3 - k**2. What are the prime factors of x(n)?
2
Let a(u) = -5*u**2 + 3*u. Let m(b) = b**2 + 1. Let g(q) = -a(q) - 4*m(q). List the prime factors of g(-3).
2, 7
Suppose w + 4*w - 1380 = 0. List the prime factors of w.
2, 3, 23
Let d = 43 + -85. What are the prime factors of (-7)/(d/(-20))*-3?
2, 5
Let o = 19 - 27. Let h(c) be the second derivative of -c**4/12 - 4*c**3/3 + 9*c**2/2 + c. What are the prime factors of h(o)?
3
Let p(k) = k**3 + 4*k**2 - 8*k - 4. Let t be p(-5). Suppose 0 = t*w - 14*w + 138. What are the prime factors of w?
2, 23
Let y(u) = -3*u**2 + 5 + 14*u + 4*u**2 - 4*u. Let p be y(-10). Let l = -3 + p. What are the prime factors of l?
2
Let q(z) = z**2 + 8*z + 10. Let a = 1 + -8. Let u be q(a). Suppose 3*g - 18 = 4*j + 32, u*j = -g - 5. List the prime factors of g.
2, 5
Let d = 9 + -7. Suppose d + 2 = r. Suppose r*q = 62 + 10. What are the prime factors of q?
2, 3
Let g(f) = 0*f**2 + 9*f - f - f**3 - 2 - 8*f**2. List the prime factors of g(-9).
7
Let n = 257 - 160. List the prime factors of n.
97
List the prime factors of ((-3)/2)/(6/(-100)).
5
Let s(v) = -4*v + 48. List the prime factors of s(-13).
2, 5
Let j = -40 - -120. What are the prime factors of j?
2, 5
Let u = -87 - 57. Let o = -86 - u. List the prime factors of o.
2, 29
Let f = -28 - -42. Let u(s) = -s**2 + 15*s - 8. List the prime factors of u(f).
2, 3
Let q be ((-4)/(-5))/((-2)/5). Let n be (0/(-1))/(q + 4). Suppose n = 2*x + x - 60. List the prime factors of x.
2, 5
Let z = 24 + 17. Let c be (8/(-12))/(1/(-6)). Suppose 19 + z = c*x. What are the prime factors of x?
3, 5
Let k be (0 + 1)*(2 + 0). Let j = 25 + -13. Suppose k*t = -t + j. List the prime factors of t.
2
Let r be (15/6 + -3)*0. Let g(b) = -b + 12. What are the prime factors of g(r)?
2, 3
Suppose f - 3 = 12. Suppose 3*l + h - 2*h = 79, 3*h = f. List the prime factors of l.
2, 7
Let z = -164 - -267. What are the prime factors of z?
103
Let d(c) = c**2 - 3*c - 4. Let a be d(4). Suppose a*i - 24 = -i. List the prime factors of i.
2, 3
Let u(n) be the third derivative of -2/15*n**5 + 0 - 1/4*n**4 + 1/120*n**6 + 0*n - n**2 - 13/6*n**3. List the prime factors of u(9).
2, 7
Let q(i) = -2*i - 15. What are the prime factors of q(-12)?
3
Let y = -39 + 28. Let o = -5 - y. What are the prime factors of o?
2, 3
Let m be (2/2)/(3/6). Suppose 0 = -m*r - 3*r + 105. List the prime factors of r/(-14) - (-34)/4.
7
What are the prime factors of (-4328)/(-36) + 4/(-18)?
2, 3, 5
Let p = 0 - -4. Suppose 0*z - 4*z = -x + 80, 0 = p*x. What are the prime factors of (-2)/(6/3)*z?
2, 5
Let u = -3 - 15. Suppose -3*s - 16 = a, 134 = -a - 4*a + 3*s. Let i = u - a. List the prime factors of i.
7
Suppose -4*l = -0*l - 136. List the prime factors of l.
2, 17
Let l = -66 + 114. Suppose -3*k + r + 52 = 0, r - l = -4*k - 3*r. What are the prime factors of k?
2
Suppose 2*x = 9 + 1. Suppose -k + x = 1. Suppose j + 24 = a - k*j, -3*a + 36 = -3*j. List the prime factors of a.
3
Let z(b) = -b**2 - 6*b - 2. Let m be z(-4). Let o(i) = -i**3 + 5*i**2 + 5*i + 8. Let s be o(m). Suppose 0 = 4*a - 10 - s. List the prime factors of a.
3
Suppose -8*v = -6*v - 62. List the prime factors of v.
31
Let f be (-2)/(-5) + (-38)/(-5). Suppose f = -3*g - g. What are the prime factors of 2/4 - 5/g?
3
Suppose 2*q = -q + 4*p + 791, 4 = -2*p. List the prime factors of (-4)/10 - q/(-15).
17
Let r = -2 - 12. Let a = 28 + r. What are the prime factors of a?
2, 7
Suppose 1 = -5*m + 96. Suppose 3*p = -2*o - 8 + 29, 2*o = 5*p - m. List the prime factors of o.
3
Suppose -4*m + 51 = -m. Suppose 13 + m = 5*z. List the prime factors of z.
2, 3
Let m be (-2)/((-4)/22 - 0). Let n = m - 6. List the prime factors of n.
5
Suppose -25 = -3*k + 4*d + 147, 4*d + 68 = k. What are the prime factors of k?
2, 13
Let g be 2/((-4)/6*1). Let p(x) = -x**3 - 3*x**2 - 3*x + 2. Let l be p(g). Let u = 20 - l. List the prime factors of u.
3
List the prime factors of 9/6 - 42/(-4).
2, 3
Suppose -7 = 3*m - 1. Let n = 4 + m. List the prime factors of n.
2
Let j(q) be the third derivative of q**6/60 - q**5/60 - q**4/12 - q**3/6 - q**2. Let s be j(-1). List the prime factors of (s/(-6))/((-1)/(-27)).
3
Let j be ((-18)/(-15))/(1/(-20)). Let d = j + 12. List the prime factors of -2*(-21)/d*-2.
7
Let t = -1 - -2. Let c be 26/6*6/t. Let u = c + -13. What are the prime factors of u?
13
Suppose -6*i + 236 = -2*i. Let n = i - 33. What are the prime factors of n?
2, 13
Suppose 0 = -2*u - 2*u + 240. Suppose -4*b + b = -u. List the prime factors of b.
2, 5
Let c = 2 - 5. Let w(f) = 4*f**2 - 8*f + 1. Let z(s) = -s**2 + s - 1. Let t(l) = c*z(l) - w(l). What are the prime factors of t(4)?
2, 3
Suppose 0 = 57*t - 56*t - 16. List the prime factors of t.
2
Let i = 65 + 42. What are the prime factors of i?
107
Let c(y) be the second derivative of y**7/84 - y**5/60 + y**4/24 - y**3/2 + 2*y. Let f(r) be the second derivative of c(r). List the prime factors of f(1).
3
Suppose 0 = -2*i - 0*i + 10. Let g = i - 8. Let n = g - -20. List the prime factors of n.
17
Suppose -3*a + 24 = 3*h, 3*a - 5*h + 0 + 8 = 0. Suppose 2*l = a*q - 66, 2*q + l = -q + 57. List the prime factors of 